False
Let x(d) = 396*d - 14. Let k be x(5). Suppose -6*f + 4*f = -k. Is f prime?
True
Let p = -14152 + 26541. Is p composite?
True
Suppose -2*h = -421 + 2383. Let n = h + 1958. Is n composite?
False
Let z = -8653 + 18164. Is z a prime number?
True
Let n be (-3 - (-28)/16)*-4. Suppose 0 = n*b - 5*y - 55, -3*b - 2*y - 3 = -41. Is (-109)/(-3) - b/(-18) a composite number?
False
Suppose 4*t - 16 = -0*t. Let d be (-282)/t*2/1. Let z = d + 212. Is z composite?
False
Let v be 4/12*39 - 0. Let l be (v/(-26))/(2/8). Is (3223/(-22))/(1/l) composite?
False
Let r = 33 + -31. Let n be -2 - (-4 + (r - 0)). Suppose n = 4*g + 218 - 606. Is g prime?
True
Let q be (-10)/(3*(-4)/59112). Is 2/8 - (q/(-16))/1 a prime number?
True
Suppose -4*v = -2*t + v + 6496, 5*t = -5*v + 16170. Is t prime?
False
Let n(w) = -w**2 - w + 142. Let f(u) = -u + 3. Let a(d) = -1. Let s(k) = 5*a(k) + f(k). Let b be s(-2). Is n(b) composite?
True
Suppose -4*b = -j - 91256, 20 = 2*j - 7*j. Is b prime?
False
Suppose -7*k - 477 = -4*k. Let l = -44 - k. Is l composite?
True
Let j = -155 + 93. Let p = j + 105. Is p composite?
False
Suppose 0 = 3*o - 2*o + 147. Let m = -62 - o. Is m a composite number?
True
Let j = -38870 + 54949. Is j composite?
True
Let h be (16/(-20))/(2/(-15)). Suppose 0*l + 6 = 2*t + 2*l, -12 = -5*t - 2*l. Is 12 - t/6*h prime?
False
Let q be ((-15)/6)/(4/(-40)). Let m be -10*(2140/q - -4). Let h = 381 - m. Is h a composite number?
False
Let x(o) = -o**3 - o**2. Let w be x(0). Suppose w = -2*t - 5*p - 12, -4*p - 7 + 3 = 3*t. Let s(a) = a**3 - a**2 - 3*a + 3. Is s(t) a prime number?
False
Suppose -21651 = -2*g - 5*g. Is g a composite number?
True
Let d = -7645 - -12768. Is d prime?
False
Let y(b) = 287*b**2 - 21*b + 125. Is y(9) a composite number?
True
Suppose 8*w + 3141 = 11*w. Is w + 2 + (4 - 4) a composite number?
False
Suppose -x - 2*b = -6013, -5*x + 0*b + 3*b + 30026 = 0. Is x composite?
False
Suppose -11*j = -15*j + 696. Let d = 157 + j. Is d prime?
True
Let v = -64 + 68. Suppose -u = -v*c - 335, -5*u = -4*c + 2*c - 1765. Is u a prime number?
False
Let j be ((2 - 3)*-1)/((-3)/(-12)). Suppose -j*a + 784 - 132 = 0. Is a composite?
False
Let u(b) = -b**3 - 2*b + 4. Let h be 7/56 - (-549)/24. Suppose -5*d - h = w - 3*w, 2*w + 7 = -5*d. Is u(d) a prime number?
True
Let w = -14 + 16. Suppose -354 = -a + w*a. Let k = 517 + a. Is k composite?
False
Suppose 65*n = 45*n + 354140. Is n composite?
False
Let z = -106 + 97. Let h(l) be the third derivative of -l**6/30 - 13*l**5/60 - 5*l**4/24 - 13*l**3/6 + 2*l**2. Is h(z) composite?
True
Let f = 16 + -10. Suppose -o - 3*u = 2, 2*o - 4*u = 4*o + f. Is -2 + 13 - (o - -5) a prime number?
True
Suppose h + 3*h - 218108 = -4*z, -3*z + 3*h + 163557 = 0. Is z prime?
False
Let y(f) = -f**2 - 21*f + 19. Let z be y(-22). Let r(m) = 237*m**2 + 4*m + 8. Is r(z) composite?
False
Suppose -5*z + 3*b + b - 72 = 0, 0 = 4*z + 4*b + 36. Let t be (-117)/(-2)*40/z. Is (-1)/(-4) - t/20 composite?
True
Suppose 0*b - 5 = b, 1190 = 5*y + 3*b. Suppose -y - 221 = -2*f + l, 693 = 3*f - 5*l. Suppose 15 = 3*o - f. Is o prime?
False
Suppose g = -5*g. Let a(r) = r**2 - r. Let l(j) = -4*j**2 + 5*j + 191. Let z(x) = 5*a(x) + l(x). Is z(g) prime?
True
Let a(z) be the third derivative of 0*z - 1/10*z**5 + 4*z**2 - 1/120*z**6 - 1/3*z**3 + 0 + 0*z**4. Is a(-7) prime?
True
Let c(s) = -965*s - 4. Let l(i) = -965*i - 3. Let a(v) = -5*c(v) + 6*l(v). Is a(-1) composite?
False
Suppose 283687 = 15*h - 312218. Is h composite?
False
Suppose 2*b = 6*b - 12. Let s(h) = 44*h**3 + 2*h**2 + 4*h + 1. Is s(b) composite?
True
Suppose -3 = -g + 2. Suppose -g*m - 445 = -3*w + 168, 3*m - 798 = -4*w. Suppose 4*r = -3*x + 427, -2*x + 3*x + w = 2*r. Is r a prime number?
True
Suppose 770 = r + 93. Suppose r = 2*m + 2123. Let k = m - -1030. Is k a composite number?
False
Suppose 0 = -0*o + 5*o + 75. Let a = o - -15. Suppose a = 3*c - 4*i - 1007, i - 103 = -3*c + 879. Is c a composite number?
True
Suppose 0 = -4*o - 2142 + 21134. Suppose 10*n - o = 3462. Is n prime?
True
Let s(z) = 3 - 25*z + 10 - 1 + 1. Let m(u) = -2*u**2 - u + 2. Let n be m(-2). Is s(n) prime?
True
Let k(p) = 69*p**3 - 3*p**2 - 6*p + 25. Is k(3) a prime number?
False
Let l(j) = -j**2 + 9*j + 14. Let v be l(11). Let r(t) = t**3 + 8*t**2 - 10*t - 10. Let n be r(v). Suppose -3*s + n = -s. Is s a composite number?
True
Let a = -452 - -824. Suppose 0 = -4*g - 2*i + a, -i - i + 190 = 2*g. Is g a composite number?
True
Let t(s) = 3*s**2. Let n be t(-3). Suppose -n = 4*z + 5. Is (158/z)/((-4)/16) a composite number?
False
Let t(r) = 99*r**3 - 3*r**2 + 21*r - 2. Is t(7) a composite number?
True
Is (57/(-76))/((-8641)/(-8644) + -1) prime?
True
Let r be (-63)/(-6) + -1 - 2/4. Let c(p) = 40*p - 13. Is c(r) a composite number?
False
Suppose -2*m = -0*y + y + 2, -4*m = -2*y - 20. Let b be (y - -5) + 17 + 0. Suppose -b - 22 = -2*f. Is f composite?
False
Let q be (7 + -7)*(-2)/6. Suppose -m + 5*l + 4 = 0, q*l - 12 = -3*m - l. Suppose -4*p + 2968 = -0*z + m*z, 2224 = 3*z + 5*p. Is z a prime number?
True
Is 2/(-18) - 1526160/(-108) composite?
True
Let c be (-2)/(-7) + 24/14. Suppose 0 = c*q + 1074 - 3388. Is q a composite number?
True
Let c = -12 + 12. Suppose 4*o - 3*o - 79 = c. Suppose t - o = -0*t. Is t a composite number?
False
Let s be (33 - 35)/((-1)/5). Let b(q) = 2*q**2 - 3*q + 17. Let j(k) = 2*k**2 - 4*k + 18. Let r(w) = -5*b(w) + 6*j(w). Is r(s) a composite number?
True
Is ((-142495)/(-75)*5)/((-2)/(-6)) a composite number?
False
Suppose 141*v + 376365 = 174*v. Is v a composite number?
True
Let s be 81/(-6)*10/(-15). Let o be (3/s)/((-1)/(-12)). Suppose o*n = t + 3151, -4*t - 3925 = -3*n - 2*n. Is n prime?
False
Let c be (1 + 3460/(-2))*(-12 - -11). Suppose 4*b - c = -149. Is b a prime number?
False
Let r(g) = -g**2 - 12*g - 7. Let v be r(-11). Suppose 2*a - v*a = -w - 8, -12 = 3*w. Suppose -16 = 4*l, 3*l - 2*l + 128 = a*n. Is n a prime number?
False
Let h be 1/(((-9)/(-30))/(24/(-20))). Let w = 2024 - 907. Is 1*-4 - (h - w) composite?
False
Let p be (-21)/14 - (-7)/2. Suppose v + 4*v = -4*b + 12740, -p*b + 12750 = 5*v. Is v/12 + (-2)/(-6) composite?
True
Let z = -11 + 25. Suppose -z*j + 16*j = 758. Is j a composite number?
False
Suppose 3*c + 4*c + 5565 = 0. Let m = 2204 + c. Is m a prime number?
True
Let a = -3 + 5. Suppose -23 = -a*k - 513. Let q = k + 496. Is q prime?
True
Let k = -34 + 26. Is 2*(3 - 1084/k) prime?
True
Let i(g) = -38*g**3 - 3*g**2 - g - 1. Suppose q + 10 = -5*u + 5*q, -2 = u - 4*q. Is i(u) prime?
True
Suppose 3*b - 1896 - 1298 = -i, 0 = 3*i - 4*b - 9543. Let f = i - 594. Is f prime?
True
Suppose 8 = 4*h + 4*p, -h = 4*h + 2*p - 16. Let g = 6 + h. Let n(d) = -d**3 + 13*d**2 - 15*d + 13. Is n(g) composite?
False
Suppose -756 = 2*y + 298. Let z = y - -308. Let b = z - -376. Is b a composite number?
False
Let n(m) = 2355*m + 152. Is n(11) a prime number?
False
Suppose -2*y + y = 759. Let q = y + 476. Let w = q + 542. Is w prime?
False
Suppose 16*f = 20*f - 3856. Let a = 553 + f. Is a a prime number?
False
Let f(b) = -4949*b + 285. Is f(-14) composite?
True
Suppose -4*h + 48 - 15 = -3*g, 2*h - 27 = 5*g. Is -21*((-604)/h + -5 + 8) a prime number?
False
Suppose -24 = 4*k + 8. Let n(o) = o**3 + 8*o**2 + o + 9. Let i be n(k). Is 254 - (2 - i - 4) a prime number?
True
Let z be 10 + 4/(4/3). Let h be (-1 - (4 - z)) + -4. Is 306 + (0 + 4)/h a composite number?
False
Let b = -47 - -43. Let l be ((-12)/(-10))/(6/45). Is (-6)/b*1338/l composite?
False
Suppose 0 = -2*s + 4*s + 24. Let y be s/9*(-5 + 2). Suppose -3*m + 277 = -c - 921, 2*m = y*c + 782. Is m prime?
True
Let v(m) = -76*m + 2. Let h be v(6). Let b = -210 - 59. Let g = b - h. Is g a prime number?
False
Let w(m) be the second derivative of -17*m**3/3 - 3*m**2/2 - 3*m. Is w(-7) a composite number?
True
Let y = -9 + 8. Let c = 9 + y. Suppose 0 = -5*p + c*s - 4*s + 443, -p = -4*s - 79. Is p a composite number?
True
Let t be (3 - -114) + (-1 - 0). Let k = -236 + t. Let n = -43 - k. Is n a composite number?
True
Let a(n) = 12*n**2 - 23*n - 9. Is a(22) prime?
False
Let m(z) = -1823*z - 11. Is m(-3) prime?
False
Suppose -5*u + 992 = -3*u. Let t = -177 + u. Is t a composite number?
True
Suppose 0 = 9*x - 5*x + 5*p - 26939, -20199 = -3*x - 2*p. Is x a prime number?
False